it of 1119997905?
1
What is the units digit of 156224653?
3
What is the hundred thousands digit of 36271287?
2
What is the ten thousands digit of 502966420?
6
What is the units digit of 354879119?
9
What is the hundreds digit of 32764504?
5
What is the ten thousands digit of 46850321?
5
What is the ten millions digit of 1672873104?
7
What is the ten thousands digit of 4934533607?
3
What is the hundred thousands digit of 263852846?
8
What is the hundreds digit of 61023990?
9
What is the ten thousands digit of 2570141591?
4
What is the hundred thousands digit of 57739846?
7
What is the millions digit of 75955639?
5
What is the millions digit of 353274249?
3
What is the hundred thousands digit of 1132635430?
6
What is the units digit of 2563362280?
0
What is the hundreds digit of 78205992?
9
What is the ten millions digit of 2891022469?
9
What is the units digit of 379433244?
4
What is the ten thousands digit of 241925810?
2
What is the hundreds digit of 963982790?
7
What is the units digit of 3861918142?
2
What is the tens digit of 14231218?
1
What is the tens digit of 2079883949?
4
What is the thousands digit of 41162558?
2
What is the millions digit of 503883878?
3
What is the ten millions digit of 20254870?
2
What is the thousands digit of 167396507?
6
What is the units digit of 198542233?
3
What is the thousands digit of 199702341?
2
What is the tens digit of 14544579?
7
What is the hundred thousands digit of 2514885472?
8
What is the hundred thousands digit of 96421307?
4
What is the ten millions digit of 47753650?
4
What is the thousands digit of 404884796?
4
What is the hundred millions digit of 2927929747?
9
What is the ten millions digit of 2767166951?
6
What is the tens digit of 633464800?
0
What is the thousands digit of 70415269?
5
What is the ten thousands digit of 1596326745?
2
What is the millions digit of 3612643673?
2
What is the ten millions digit of 11848792?
1
What is the hundred millions digit of 242536631?
2
What is the millions digit of 12438543?
2
What is the thousands digit of 130363191?
3
What is the tens digit of 58104169?
6
What is the billions digit of 2586610374?
2
What is the ten millions digit of 43880678?
4
What is the ten millions digit of 933282345?
3
What is the thousands digit of 20140818?
0
What is the ten millions digit of 54091285?
5
What is the millions digit of 261988131?
1
What is the hundred millions digit of 750255651?
7
What is the ten thousands digit of 267859490?
5
What is the ten thousands digit of 64037658?
3
What is the hundred thousands digit of 8645405?
6
What is the units digit of 128611411?
1
What is the tens digit of 523542560?
6
What is the ten thousands digit of 55367041?
6
What is the thousands digit of 279965477?
5
What is the tens digit of 1167623909?
0
What is the tens digit of 677598128?
2
What is the billions digit of 4027746988?
4
What is the billions digit of 1272458642?
1
What is the units digit of 17774116?
6
What is the hundreds digit of 25564969?
9
What is the hundreds digit of 508145964?
9
What is the units digit of 2420628939?
9
What is the ten thousands digit of 233974?
3
What is the hundred thousands digit of 1010207023?
2
What is the hundred thousands digit of 82931575?
9
What is the thousands digit of 1433268309?
8
What is the hundred millions digit of 302205379?
3
What is the thousands digit of 492876795?
6
What is the tens digit of 4110866273?
7
What is the hundreds digit of 2105271810?
8
What is the ten thousands digit of 11276523?
7
What is the ten thousands digit of 37372732?
7
What is the units digit of 2675496422?
2
What is the thousands digit of 2344512954?
2
What is the hundred thousands digit of 275187351?
1
What is the ten thousands digit of 1337249942?
4
What is the thousands digit of 143796504?
6
What is the units digit of 585652425?
5
What is the ten thousands digit of 615574121?
7
What is the ten thousands digit of 410803892?
0
What is the hundred thousands digit of 86241128?
2
What is the units digit of 15368500?
0
What is the hundreds digit of 581240127?
1
What is the units digit of 10642780?
0
What is the thousands digit of 78406452?
6
What is the hundred thousands digit of 4360007?
3
What is the millions digit of 29387522?
9
What is the tens digit of 33767372?
7
What is the ten millions digit of 84119510?
8
What is the ten millions digit of 209690561?
0
What is the hundreds digit of 3329173493?
4
What is the ten thousands digit of 2216845460?
4
What is the hundred thousands digit of 4984084?
9
What is the tens digit of 22844830?
3
What is the hundred thousands digit of 304486281?
4
What is the units digit of 1808027641?
1
What is the thousands digit of 233156449?
6
What is the hundred millions digit of 2718264572?
7
What is the hundred thousands digit of 33104354?
1
What is the tens digit of 34719869?
6
What is the ten thousands digit of 83309735?
0
What is the hundred millions digit of 6093414666?
0
What is the ten millions digit of 36615351?
3
What is the ten thousands digit of 169254943?
5
What is the ten millions digit of 81936913?
8
What is the ten thousands digit of 11524812?
2
What is the ten millions digit of 202738225?
0
What is the hundreds digit of 154890201?
2
What is the units digit of 4359987632?
2
What is the units digit of 39045176?
6
What is the ten thousands digit of 829530717?
3
What is the units digit of 134793642?
2
What is the ten thousands digit of 1433462028?
6
What is the millions digit of 7576811006?
6
What is the units digit of 1126402491?
1
What is the millions digit of 31350132?
1
What is the ten thousands digit of 34035735?
3
What is the millions digit of 4035608519?
5
What is the ten thousands digit of 10422548?
2
What is the units digit of 46634180?
0
What is the hundreds digit of 34023987?
9
What is the millions digit of 31276571?
1
What is the millions digit of 1411584141?
1
What is the hundred millions digit of 4859755801?
8
What is the units digit of 186997396?
6
What is the ten thousands digit of 21645020?
4
What is the hundred millions digit of 113569747?
1
What is the units digit of 3082990491?
1
What is the tens digit of 172437982?
8
What is the tens digit of 442027961?
6
What is the hundreds digit of 78476069?
0
What is the millions digit of 835647761?
5
What is the units digit of 3411096994?
4
What is the thousands digit of 1042127216?
7
What is the hundreds digit of 475538368?
3
What is the ten millions digit of 23601552?
2
What is the hundred millions digit of 1122747811?
1
What is the ten thousands digit of 29204179?
0
What is the ten millions digit of 153612004?
5
What is the hundreds digit of 435925662?
6
What is the tens digit of 81283988?
8
What is the tens digit of 2293116687?
8
What is the hundred millions digit of 5892224398?
8
What is the thousands digit of 460903026?
3
What is the ten millions digit of 533991020?
3
What is the millions digit of 526180219?
6
What is the ten millions digit of 35415182?
3
What is the ten millions digit of 3644162466?
4
What is the hundred thousands digit of 2340456639?
4
What is the hundreds digit of 359441225?
2
What is the millions digit of 71589584?
1
What is the thousands digit of 132415930?
5
What is the units digit of 1584029462?
2
What is the hundred millions digit of 1131261230?
1
What is the hundreds digit of 103187692?
6
What is the hundreds digit of 145921537?
5
What is the ten thousands digit of 669874983?
7
What is the hundred thousands digit of 200218528?
2
What is the millions digit of 12511753?
2
What is the tens digit of 104808649?
4
What is the units digit of 72747436?
6
What is the units digit of 52883233?
3
What is the hundred thousands digit of 1480426018?
4
What is the units digit of 21605208?
8
What is the millions digit of 527119030?
7
What is the ten millions digit of 4137084014?
3
What is the billions digit of 6853236069?
6
What is the hundreds digit of 141830826?
8
What is the ten thousands digit of 573367879?
6
What is the tens digit of 29768614?
1
What is the hundred thousands digit of 2528127209?
1
What is the hundreds digit of 46016184?
1
What is the thousands digit of 113165806?
5
What is the millions digit of 1180746868?
0
What is the ten thousands digit of 2137641728?
4
What is the thousands digit of 43245458?
5
What is the tens d